rime factors of 22582841?
41, 550801
What are the prime factors of 10292362?
2, 23, 223747
What are the prime factors of 6643376328?
2, 3, 276807347
List the prime factors of 2704888404.
2, 3, 37, 75211
List the prime factors of 268513860.
2, 3, 5, 233, 19207
What are the prime factors of 183034920?
2, 3, 5, 17, 23, 47, 83
List the prime factors of 5367736337.
337, 15928001
List the prime factors of 1982454208.
2, 7, 733, 6037
What are the prime factors of 1413320759?
2857, 494687
What are the prime factors of 307378272?
2, 3, 3201857
List the prime factors of 194006520.
2, 3, 5, 29, 18583
List the prime factors of 83777748.
2, 3, 31, 113, 1993
What are the prime factors of 31120393?
29, 1073117
What are the prime factors of 68562781?
7, 773, 12671
List the prime factors of 251485905.
3, 5, 11, 71, 21467
What are the prime factors of 82153122?
2, 3, 67, 204361
What are the prime factors of 621938830?
2, 5, 73, 851971
What are the prime factors of 2986571987?
7, 109, 3914249
What are the prime factors of 172520362?
2, 7, 29, 47, 9041
What are the prime factors of 2286493155?
3, 5, 19, 461, 5801
What are the prime factors of 94893083?
94893083
List the prime factors of 221924853.
3, 37, 24683
List the prime factors of 20382816.
2, 3, 241, 881
What are the prime factors of 2061831261?
3, 7, 14026063
What are the prime factors of 2364118289?
13, 181855253
What are the prime factors of 65981042?
2, 4253, 7757
List the prime factors of 163367789.
13, 1471, 8543
What are the prime factors of 288268510?
2, 5, 28826851
List the prime factors of 5327847884.
2, 1331961971
List the prime factors of 257247123.
3, 7, 541, 22643
List the prime factors of 839864663.
11, 137, 557309
List the prime factors of 785813134.
2, 17, 19, 41, 29669
List the prime factors of 93137829.
3, 19, 107, 15271
List the prime factors of 4342047818.
2, 10273, 211333
List the prime factors of 720660103.
127, 5674489
What are the prime factors of 101182519?
9323, 10853
What are the prime factors of 526880574?
2, 3, 11, 2661013
List the prime factors of 155033760.
2, 3, 5, 7, 46141
List the prime factors of 615738114.
2, 3, 3511, 9743
List the prime factors of 65782470.
2, 3, 5, 13, 168673
What are the prime factors of 56293338?
2, 3, 9382223
List the prime factors of 2146012900.
2, 5, 59, 363731
List the prime factors of 464294861.
464294861
What are the prime factors of 208883869?
208883869
List the prime factors of 63994795.
5, 61, 209819
What are the prime factors of 3310541854?
2, 28843, 57389
List the prime factors of 287495618.
2, 29, 4956821
List the prime factors of 147243488.
2, 7, 67, 9811
What are the prime factors of 33638415?
3, 5, 719, 3119
What are the prime factors of 112487157?
3, 4166191
List the prime factors of 741412436.
2, 113, 643, 2551
List the prime factors of 331124083.
331124083
What are the prime factors of 1093453121?
61, 17925461
What are the prime factors of 47568173?
499, 95327
What are the prime factors of 2548708402?
2, 1274354201
What are the prime factors of 484219436?
2, 121054859
List the prime factors of 1382438958.
2, 3, 89, 397, 6521
List the prime factors of 88659271.
1579, 56149
List the prime factors of 639633770.
2, 5, 79, 283, 2861
What are the prime factors of 606890578?
2, 7, 683, 9067
What are the prime factors of 59341249?
11, 173, 31183
What are the prime factors of 80331122?
2, 40165561
List the prime factors of 50246617.
50246617
What are the prime factors of 861343082?
2, 430671541
What are the prime factors of 8516587?
163, 52249
List the prime factors of 5389518510.
2, 3, 5, 4621, 12959
What are the prime factors of 41537307?
3, 7, 17, 116351
List the prime factors of 182943028.
2, 31, 239, 6173
List the prime factors of 288492809.
11, 71, 521, 709
What are the prime factors of 622515234?
2, 3, 11, 857459
What are the prime factors of 5599741618?
2, 21193, 132113
List the prime factors of 319106602.
2, 159553301
List the prime factors of 556448691.
3, 1709, 108533
List the prime factors of 58634236.
2, 383, 38273
What are the prime factors of 41328814?
2, 20664407
What are the prime factors of 54842489?
13, 281, 15013
List the prime factors of 843082613.
71, 11874403
What are the prime factors of 2566069523?
883, 2906081
List the prime factors of 1119163951.
1119163951
What are the prime factors of 35292931?
37, 359, 2657
List the prime factors of 40354089.
3, 109, 123407
What are the prime factors of 62168632?
2, 23, 337873
What are the prime factors of 426516276?
2, 3, 41, 173, 5011
What are the prime factors of 666474972?
2, 3, 97, 572573
What are the prime factors of 257396220?
2, 3, 5, 23, 79, 787
List the prime factors of 52649596.
2, 13162399
What are the prime factors of 5237193212?
2, 19, 653, 105529
What are the prime factors of 647728193?
7, 92532599
What are the prime factors of 61881266?
2, 30940633
List the prime factors of 5013515304.
2, 3, 7, 3315817
What are the prime factors of 840878773?
7, 71, 997, 1697
What are the prime factors of 418935397?
199, 2105203
List the prime factors of 21573161.
653, 33037
What are the prime factors of 350503352?
2, 1669, 26251
List the prime factors of 42640108.
2, 7, 433, 3517
List the prime factors of 2128782974.
2, 1087, 979201
List the prime factors of 52237922.
2, 11, 23, 103237
List the prime factors of 690883010.
2, 5, 2017, 34253
List the prime factors of 6287308.
2, 1571827
What are the prime factors of 410453077?
271, 1514587
List the prime factors of 40604722.
2, 20302361
What are the prime factors of 189331767?
3, 59, 149, 2393
What are the prime factors of 877255977?
3, 13, 37, 607939
List the prime factors of 249560066.
2, 7, 17825719
List the prime factors of 781570377.
3, 7, 19, 2687
What are the prime factors of 981046712?
2, 37, 3314347
List the prime factors of 25873891.
71, 373, 977
List the prime factors of 886455352.
2, 73, 1049, 1447
What are the prime factors of 1317886045?
5, 7, 37653887
What are the prime factors of 76607695?
5, 17, 439, 2053
What are the prime factors of 725338061?
7, 43, 457, 5273
What are the prime factors of 6042819840?
2, 3, 5, 1573651
List the prime factors of 242969543.
53, 4584331
List the prime factors of 775646982.
2, 3, 11, 1305803
List the prime factors of 172511204.
2, 43127801
What are the prime factors of 3363399674?
2, 127, 13241731
List the prime factors of 278557339.
521, 534659
List the prime factors of 20886493.
2411, 8663
List the prime factors of 3092185387.
40801, 75787
List the prime factors of 180023623.
13, 349, 39679
List the prime factors of 1128038423.
11933, 94531
What are the prime factors of 466787016?
2, 3, 29, 43, 1733
What are the prime factors of 1611712674?
2, 3, 11, 13, 37, 5641
What are the prime factors of 739061814?
2, 3, 691, 178259
List the prime factors of 133049055.
3, 5, 17, 31, 16831
What are the prime factors of 81981935?
5, 7, 461, 5081
What are the prime factors of 384622065?
3, 5, 8547157
List the prime factors of 80667449.
1091, 73939
What are the prime factors of 28371468?
2, 3, 2364289
What are the prime factors of 44515737?
3, 7, 78511
List the prime factors of 1292458992.
2, 3, 11, 107, 22877
List the prime factors of 149468962.
2, 733, 101957
What are the prime factors of 296987659?
296987659
What are the prime factors of 188531129?
19, 9922691
List the prime factors of 20161211.
7, 2880173
List the prime factors of 73879949.
11, 13, 516643
What are the prime factors of 1090600981?
53, 20577377
What are the prime factors of 2240027633?
2240027633
List the prime factors of 450508603.
67, 487, 13807
What are the prime factors of 462019587?
3, 154006529
What are the prime factors of 51697963?
51697963
List the prime factors of 514967230.
2, 5, 17, 109, 27791
List the prime factors of 176499455.
5, 11, 19, 168899
What are the prime factors of 1323787191?
3, 441262397
List the prime factors of 5861498344.
2, 13, 56360561
What are the prime factors of 974311686?
2, 3, 18042809
List the prime factors of 325327308.
2, 3, 27110609
What are the prime factors of 24876398?
2, 53, 234683
List the prime factors of 151564681.
4999, 30319
List the prime factors of 1685106518.
2, 1093, 770863
List the prime factors of 2869358.
2, 1434679
List the prime factors of 208229486.
2, 104114743
Wha